{"id":29431,"date":"2019-01-09T18:10:07","date_gmt":"2019-01-09T17:10:07","guid":{"rendered":"https:\/\/yodelgrosdevaud.ch\/?page_id=29431"},"modified":"2026-02-25T12:46:36","modified_gmt":"2026-02-25T11:46:36","slug":"agenda","status":"publish","type":"page","link":"https:\/\/yodelgrosdevaud.ch\/de\/acceuil\/agenda\/","title":{"rendered":"AGENDA"},"content":{"rendered":"\n<p><strong>Jedes Jahr laden wir Sie am dritten Samstag im M\u00e4rz zu unserem Jahreskonzert in den Grande Salle von Combremont-le-Petit ein.<\/strong><br>T\u00fcr\u00f6ffnung um 19 Uhr, Konzertbeginn um 20 Uhr. Getr\u00e4nke und kleine Verpflegung sind vor Ort erh\u00e4ltlich.<\/p>\n\n\n\n<p><strong>Wir treten zudem auf Anfrage<\/strong> an verschiedenen Veranstaltungen auf: Schwwingfeste, Pflegeheime, Gewerbeschauen, Vereinsanl\u00e4sse oder auch privaten Feiern.<\/p>\n\n\n\n<figure class=\"wp-block-image size-large\"><img loading=\"lazy\" decoding=\"async\" width=\"1024\" height=\"731\" src=\"https:\/\/yodelgrosdevaud.ch\/wp-content\/uploads\/2026\/02\/image-3-1024x731.png\" alt=\"\" class=\"wp-image-30258\" srcset=\"https:\/\/yodelgrosdevaud.ch\/wp-content\/uploads\/2026\/02\/image-3-1024x731.png 1024w, https:\/\/yodelgrosdevaud.ch\/wp-content\/uploads\/2026\/02\/image-3-300x214.png 300w, https:\/\/yodelgrosdevaud.ch\/wp-content\/uploads\/2026\/02\/image-3-768x548.png 768w, https:\/\/yodelgrosdevaud.ch\/wp-content\/uploads\/2026\/02\/image-3-1080x771.png 1080w, https:\/\/yodelgrosdevaud.ch\/wp-content\/uploads\/2026\/02\/image-3.png 1101w\" sizes=\"(max-width: 1024px) 100vw, 1024px\" \/><\/figure>\n","protected":false},"excerpt":{"rendered":"<p>Jedes Jahr laden wir Sie am dritten Samstag im M\u00e4rz zu unserem Jahreskonzert in den Grande Salle von Combremont-le-Petit ein.T\u00fcr\u00f6ffnung um 19 Uhr, Konzertbeginn um 20 Uhr. Getr\u00e4nke und kleine Verpflegung sind vor Ort erh\u00e4ltlich. Wir treten zudem auf Anfrage an verschiedenen Veranstaltungen auf: Schwwingfeste, Pflegeheime, Gewerbeschauen, Vereinsanl\u00e4sse oder auch privaten Feiern.<\/p>\n","protected":false},"author":1,"featured_media":0,"parent":28906,"menu_order":0,"comment_status":"closed","ping_status":"closed","template":"","meta":{"_et_pb_use_builder":"off","_et_pb_old_content":"","_et_gb_content_width":"","jetpack_post_was_ever_published":false,"footnotes":""},"class_list":{"0":"post-29431","1":"page","2":"type-page","3":"status-publish","5":"entry"},"jetpack_sharing_enabled":true,"jetpack_shortlink":"https:\/\/wp.me\/P9mzxp-7EH","_links":{"self":[{"href":"https:\/\/yodelgrosdevaud.ch\/de\/wp-json\/wp\/v2\/pages\/29431","targetHints":{"allow":["GET"]}}],"collection":[{"href":"https:\/\/yodelgrosdevaud.ch\/de\/wp-json\/wp\/v2\/pages"}],"about":[{"href":"https:\/\/yodelgrosdevaud.ch\/de\/wp-json\/wp\/v2\/types\/page"}],"author":[{"embeddable":true,"href":"https:\/\/yodelgrosdevaud.ch\/de\/wp-json\/wp\/v2\/users\/1"}],"replies":[{"embeddable":true,"href":"https:\/\/yodelgrosdevaud.ch\/de\/wp-json\/wp\/v2\/comments?post=29431"}],"version-history":[{"count":9,"href":"https:\/\/yodelgrosdevaud.ch\/de\/wp-json\/wp\/v2\/pages\/29431\/revisions"}],"predecessor-version":[{"id":30259,"href":"https:\/\/yodelgrosdevaud.ch\/de\/wp-json\/wp\/v2\/pages\/29431\/revisions\/30259"}],"up":[{"embeddable":true,"href":"https:\/\/yodelgrosdevaud.ch\/de\/wp-json\/wp\/v2\/pages\/28906"}],"wp:attachment":[{"href":"https:\/\/yodelgrosdevaud.ch\/de\/wp-json\/wp\/v2\/media?parent=29431"}],"curies":[{"name":"wp","href":"https:\/\/api.w.org\/{rel}","templated":true}]}}

<p><strong>Jedes Jahr laden wir Sie am dritten Samstag im März zu unserem Jahreskonzert in den Grande Salle von Combremont-le-Petit ein.</strong><br>Türöffnung um 19 Uhr, Konzertbeginn um 20 Uhr. Getränke und kleine Verpflegung sind vor Ort erhältlich.</p>



<p><strong>Wir treten zudem auf Anfrage</strong> an verschiedenen Veranstaltungen auf: Schwwingfeste, Pflegeheime, Gewerbeschauen, Vereinsanlässe oder auch privaten Feiern.</p>



<figure class="wp-block-image size-large"><img loading="lazy" decoding="async" width="1024" height="731" src="https://yodelgrosdevaud.ch/wp-content/uploads/2026/02/image-3-1024x731.png" alt="" class="wp-image-30258" srcset="https://yodelgrosdevaud.ch/wp-content/uploads/2026/02/image-3-1024x731.png 1024w, https://yodelgrosdevaud.ch/wp-content/uploads/2026/02/image-3-300x214.png 300w, https://yodelgrosdevaud.ch/wp-content/uploads/2026/02/image-3-768x548.png 768w, https://yodelgrosdevaud.ch/wp-content/uploads/2026/02/image-3-1080x771.png 1080w, https://yodelgrosdevaud.ch/wp-content/uploads/2026/02/image-3.png 1101w" sizes="(max-width: 1024px) 100vw, 1024px" /></figure>

<p>Jedes Jahr laden wir Sie am dritten Samstag im März zu unserem Jahreskonzert in den Grande Salle von Combremont-le-Petit ein.Türöffnung um 19 Uhr, Konzertbeginn um 20 Uhr. Getränke und kleine Verpflegung sind vor Ort erhältlich. Wir treten zudem auf Anfrage an verschiedenen Veranstaltungen auf: Schwwingfeste, Pflegeheime, Gewerbeschauen, Vereinsanlässe oder auch privaten Feiern.</p>
